
-7f4
In base 9, what is 204 + 2221?
2425
In base 9, what is 237025 + -3?
237022
In base 3, what is -1020021112 + -11012?
-1020102201
In base 11, what is -804 + -101?
-905
In base 11, what is -3 + -972a?
-9732
In base 16, what is 3 + 136a?
136d
In base 2, what is -101100010110 - 0?
-101100010110
In base 5, what is 113234 - 1?
113233
In base 11, what is 13318 + -1?
13317
In base 13, what is -278459 - 5?
-278461
In base 7, what is -14245416 - -2?
-14245414
In base 13, what is 4 + 2b929?
2b930
In base 8, what is 23 + 44172?
44215
In base 6, what is -340 + 1201?
421
In base 13, what is -37b + -11?
-38c
In base 16, what is 5 - 6e2?
-6dd
In base 15, what is -162 + e4?
-6d
In base 9, what is -234 + -8583?
-8827
In base 16, what is -3b + -5e?
-99
In base 5, what is 232102 + 30?
232132
In base 3, what is 100012110 + 111?
100012221
In base 13, what is 3 - -23cbb?
23cc1
In base 4, what is -12330 + 2131?
-10133
In base 5, what is -44042000 - -4?
-44041441
In base 8, what is 301136 - 2?
301134
In base 13, what is 9cb48 - 3?
9cb45
In base 6, what is 1411 + 1100?
2511
In base 10, what is -386 + 90?
-296
In base 2, what is -10 + -100010100001111?
-100010100010001
In base 8, what is -45 + 446?
401
In base 2, what is 1011001111 - 100?
1011001011
In base 15, what is 784 - -13?
797
In base 9, what is -15 + -141?
-156
In base 8, what is -65 + 23075?
23010
In base 13, what is 3c4 + b25?
1219
In base 7, what is -3226060 - 1?
-3226061
In base 3, what is -1020211000112 - 2?
-1020211000121
In base 3, what is 2 + 100100002?
100100011
In base 8, what is -125 + -2352?
-2477
In base 11, what is -1678 - -57?
-1621
In base 2, what is -10 - 100001001000100101?
-100001001000100111
In base 12, what is 19 + -145b?
-1442
In base 16, what is -1b - -43b?
420
In base 13, what is c2 - -1c66?
2058
In base 7, what is 1112 - -5356?
6501
In base 16, what is 51 + -eac?
-e5b
In base 16, what is 22b1 - -4?
22b5
In base 15, what is -c2 - 3c7e?
-3d51
In base 16, what is -4c8c3 - 1?
-4c8c4
In base 5, what is 2 - 230101241?
-230101234
In base 15, what is -19160 - -2?
-1915d
In base 16, what is -2 - -2c44?
2c42
In base 16, what is 1c9 - -75?
23e
In base 5, what is -141112 + -122?
-141234
In base 16, what is -343 + -f3d?
-1280
In base 5, what is -1432133313 - 4?
-1432133322
In base 6, what is 4 - -434012?
434020
In base 8, what is 4 + 645476?
645502
In base 4, what is -2 + -11321213?
-11321221
In base 2, what is 10 + 10001011110000?
10001011110010
In base 4, what is 211 - 33203303?
-33203032
In base 10, what is -256228 - -3?
-256225
In base 11, what is -3a1820 + -3?
-3a1823
In base 16, what is 3fc - 638?
-23c
In base 8, what is 4 - -305612?
305616
In base 13, what is 4 - -621?
625
In base 11, what is -14 + -193?
-1a7
In base 14, what is -5d + -4?
-63
In base 4, what is 10110 - 1002011?
-331301
In base 11, what is 673420 + 0?
673420
In base 4, what is -313 + -13011?
-13330
In base 12, what is -8a8b + -a?
-8a99
In base 11, what is 31123 - 5?
31119
In base 13, what is 2c13 - -104?
3017
In base 4, what is -1 - 22010021?
-22010022
In base 9, what is -31 + 33762?
33731
In base 8, what is 425324 + -16?
425306
In base 2, what is 1001 - -11110010010101?
11110010011110
In base 14, what is 444 - 7?
43b
In base 9, what is 136 - 12?
124
In base 7, what is 1114036 + 33?
1114102
In base 7, what is -5 + 3340663?
3340655
In base 15, what is -1e017 + -11?
-1e028
In base 10, what is -5 - 40494?
-40499
In base 7, what is -14626 + -2?
-14631
In base 15, what is -e7d2 - -10?
-e7c2
In base 7, what is 262456 + -3?
262453
In base 4, what is -322023 - -32?
-321331
In base 9, what is 6245 - 140?
6105
In base 14, what is -15 + -5c7a?
-5c91
In base 9, what is 426 + -156?
260
In base 3, what is -100121112220 + -110?
-100121120100
In base 15, what is -1 - cddb?
-cddc
In base 10, what is -57385 - -3?
-57382
In base 10, what is 8 - 9031?
-9023
In base 2, what is -101001001111011 + 1010011?
-101001000101000
In base 13, what is 15a17 - -5?
15a1c
In base 13, what is 41842 + 0?
41842
In base 3, what is 10 + -200100101?
-200100021
In base 2, what is 100000 - 1010100000111?
-1010011100111
In base 15, what is 576 - -11?
587
In base 4, what is -330212 - 1302?
-332120
In base 8, what is 2 - -740775?
740777
In base 9, what is -26 + 741?
714
In base 10, what is 11342 - 5?
11337
In base 11, what is -605 + 93?
-522
In base 6, what is -12140 - 101?
-12241
In base 2, what is 101010010 - -1010110011000?
1011011101010
In base 12, what is -7660 + 2?
-765a
In base 9, what is -218263 - -4?
-218258
In base 11, what is 2 + 5a916?
5a918
In base 3, what is 121201122100 + -12?
121201122011
In base 16, what is -a7b7 - 1b?
-a7d2
In base 10, what is 84288 + 7?
84295
In base 12, what is 2 - -49434?
49436
In base 7, what is 4 + -1445460?
-1445453
In base 10, what is -25 + 293?
268
In base 6, what is 11353 + -252?
11101
In base 7, what is 35 + -16435?
-16400
In base 5, what is 20 - 2400441?
-2400421
In base 8, what is 220134 + 0?
220134
In base 9, what is 4 - -8358?
8363
In base 8, what is -62244 + -3?
-62247
In base 16, what is -b83 + 15e?
-a25
In base 11, what is -7 + -71154?
-71160
In base 2, what is 1010101111111101001 - -100?
1010101111111101101
In base 15, what is 17 - -7653?
766a
In base 5, what is -1001014 + 101?
-1000413
In base 3, what is 11 + 1001110202200?
1001110202211
In base 9, what is 100743 + -1?
100742
In base 13, what is -7a949 + 5?
-7a944
In base 11, what is 14503 - 4?
144aa
In base 6, what is -32 - -5002?
4530
In base 13, what is -2 + -ab4a0?
-ab4a2
In base 13, what is 49aa + 3?
49b0
In base 4, what is -120300 - 1003?
-121303
In base 10, what is -156779 - -6?
-156773
In base 12, what is 1067 + 216?
1281
In base 14, what is 16188 - -5?
1618d
In base 12, what is -5661 - 43?
-56a4
In base 5, what is 1341110 - 2?
1341103
In base 9, what is 5 - -6351?
6356
In base 7, what is -153 - 1?
-154
In base 8, what is -47 + -3040?
-3107
In base 2, what is -101001 + 11?
-100110
In base 12, what is 2 - 6205?
-6203
In base 6, what is 220113 + -3?
220110
In base 8, what is -2 + -2422172?
-2422174
In base 15, what is 26 + 2bb?
2e2
In base 3, what is 1020 + -1102100110?
-1102022020
In base 10, what is 24542 + 1?
24543
In base 7, what is 654 - -6126?
10113
In base 11, what is 79 - 879?
-800
In base 12, what is 1 + 6a84?
6a85
In base 15, what is 4d - -6d1c?
6d6a
In base 7, what is 26505 - -31?
26536
In base 5, what is 11021233 + -42?
11021141
In base 13, what is -a + -6175c?
-61769
In base 12, what is -93 + -1919a?
-19271
In base 9, what is 740 - 3?
736
In base 12, what is -3 - 9aa2?
-9aa5
In base 16, what is -d4d + -440?
-118d
In base 12, what is -1300 - -1ba?
-1102
In base 11, what is -69a - -699?
-1
In base 8, what is 1 + 1006437?
1006440
In base 2, what is 10110010111101011001 - -101?
10110010111101011110
In base 7, what is 110230625 - -2?
110230630
In base 3, what is -221 + 1121212111?
1121211120
In base 8, what is -16 - -10073?
10055
In base 4, what is 233 - -3330?
10223
In base 5, what is 233242 + 4203?
243000
In base 3, what is 21210110 - 100?
21210010
In base 8, what is 21 - 7117?
-7076
In base 5, what is 4101041 + 3?
4101044
In base 12, what is -280 + -a3?
-363
In base 6, what is -1 + -35125041?
-35125042
In base 15, what is -27 + b43?
b1b
In base 7, what is -25 + 66454?
66426
In base 5, what is -12 + -23330?
-23342
In base 6, what is 1013243 + 3?
1013250
In base 2, what is 100001101100101 - 101?
100001101100000
In base 2, what is 1 + -1000001111010?
-1000001111001
In base 16, what is -5c5 - 40?
-605
In base 15, what is -149 + -40b?
-555
In base 9, what is -508 + 1271?
662
In base 11, what is -2614 - 11?
-2625
In base 11, what is 506aa - a?
506a0
In base 7, what is -3645 - -603?
-3042
In base 13, what is -a8 + 57?
-51
In base 7, what is -333543 + 0?
-333543
In base 8, what is 121614 + -3?
121611
In base 14, what is 3 - a81?
-a7c
In base 7, what is 3654554 + 4?
3654561
In base 2, what is 10111010001011111 - -101?
10111010001100100
In base 16, what is 0 - -11f31?
11f31
In base 11, what is -5 - 2835?
-283a
In base 2, what is -101110110 + 11110?
-101011000
In base 9, what is -2 + 152410?
152407
In base 3, what is 120 - 12202110212?
-12202110022
In base 2, what is -100 + 111011100000101110?
111011100000101010
In base 13, what is 5189 + -5?
5184
In bas